greatest common factor of j and 1?
1
Let y be 1182/27 - (-6)/27. What is the greatest common divisor of 11 and y?
11
Suppose 0 = 3*w + 2*n - 130, w = -3*w + 5*n + 181. Calculate the highest common factor of w and 22.
22
Suppose 2*m = -0*m + 110. Calculate the highest common factor of m and 5.
5
Suppose -m = -v + 16, 4*v + 4*m - 6 = 26. Calculate the greatest common divisor of v and 3.
3
Let c be (-2 - 6/(-2))*2. Let d(k) = -19*k - 1. Let a be d(-3). Let q be 3/(12/a) - 0. What is the greatest common factor of c and q?
2
Let z be (-9 + (-12)/(-4))/(8/(-84)). What is the greatest common divisor of z and 27?
9
Let y(a) = a**3 - 8*a**2 + 8*a - 7. Let n be y(7). Suppose n = 4*i + i - 440. What is the greatest common factor of 11 and i?
11
Suppose 26 = 4*a - 74. Suppose h + q + 2 = -2*q, -2*h + 5*q + 40 = 0. What is the greatest common divisor of h and a?
5
Suppose 0 = -q + 2*j + 6, 5 = 2*q - 2*j - 1. Let f be 1 + -2 + (q - -11). What is the highest common divisor of f and 2?
2
Suppose 2*x - 2 = x. Suppose 0 = v + 4*v + x*h + 166, 4*v + h = -131. Let t be (v/6)/(2/(-36)). Calculate the greatest common factor of t and 16.
16
Let y be (-335)/(-3) + 14/42. What is the highest common factor of y and 14?
14
Suppose -q + 13 - 1 = 0. Suppose -30*j + 216 = -27*j. What is the highest common divisor of j and q?
12
Let v = -6 + 11. Suppose -4*m = v*q - 384 + 37, 3*q = 2*m - 179. Let g be (0 + 0 + -22)/(-2). Calculate the highest common factor of g and m.
11
Let h = -8 - -8. Suppose -a + 30 = -h*a. Calculate the greatest common divisor of a and 12.
6
Let y = -5 - -7. Suppose 10 + 26 = -4*j. Let o(i) = i**2 + 8*i + 9. Let w be o(j). What is the highest common divisor of w and y?
2
Suppose -s = s - 1030. Suppose 11 = -7*r + s. Calculate the highest common factor of 9 and r.
9
Suppose 2*m = -2*c - c + 16, -3*m = -c - 13. Suppose 105 = m*l - 2*l. Suppose -3*x + 33 = -9. What is the highest common factor of l and x?
7
Suppose 0 = 4*f - 12, 0 = 5*v + 4*f - 352 + 65. Calculate the highest common divisor of 5 and v.
5
Let w be -1 + (-3)/(-3) + 90. Suppose t = -2*d + 5*t + 36, 5*d + t - w = 0. Let l be (-8)/4 - 92*-1. Calculate the greatest common factor of d and l.
18
Let g(r) = r**2 + r + 2. Let j be g(-6). Let q(x) = -10*x - 10. Let w(t) = -t - 1. Let o be w(8). Let h be q(o). What is the highest common divisor of h and j?
16
Suppose -g + j + 36 = 4*j, 8 = g - 4*j. What is the highest common divisor of g and 12?
12
Let h be (-6)/4 - 45/(-6). Let n(g) = 55*g**2 - 2*g + 1. Let y be n(1). What is the highest common factor of y and h?
6
Let z be (27/(-108))/(1/(-4)). Calculate the greatest common divisor of 13 and z.
1
Let v = 101 + -67. Calculate the highest common factor of v and 170.
34
Let o(b) = 17*b**2 + 2*b + 4. Let y = 7 + -2. Let u be o(y). Let l = u - 286. What is the greatest common divisor of l and 17?
17
Let p be (-891)/54*(-8)/3. What is the greatest common factor of p and 484?
44
Let m = 22 - 13. Calculate the highest common divisor of 9 and m.
9
Let j be (1 - 3)/(2 - 3). Let z be 1 + j - (-8)/2. Calculate the highest common divisor of 21 and z.
7
Suppose 3*u - 14 + 2 = 0. Suppose 5*d + 3 - 108 = 0. Let s be u/(-8) + d/2. Calculate the highest common divisor of s and 50.
10
Let t be (-86)/7 - 8/(-28). Let l be 1 + -2 + (-1 - -1). Let j be t/(l - 2/4). Calculate the greatest common factor of 64 and j.
8
Suppose -3*j = -j. Suppose -l + j = -5. Let h be (0 + l/2)*2. What is the highest common factor of 25 and h?
5
Let o be 3296/20 + (-3)/(-15). Suppose 96 = 3*r - 3*t + t, 5*r - o = 5*t. What is the greatest common factor of 12 and r?
6
Let z = 248 - 245. Let r = -2 - -2. Suppose r = 3*u - x - 67, 2*u + 3*x - 111 = -2*u. What is the highest common factor of z and u?
3
Let b = -35 + 75. Suppose 2*x - 180 = -x. What is the greatest common factor of x and b?
20
Suppose 15 = 5*z + 3*h - 50, -4*z = 5*h - 52. Let l(d) = -d**3 + 5*d**2 + 15*d + 6. Let f be l(7). What is the highest common divisor of z and f?
13
Suppose 0 = -9*u + 8*u + 120. What is the highest common factor of 15 and u?
15
Let g(y) = y**3 + 5*y**2 - 7*y - 5. Let o be g(-6). Suppose 22 = 5*l - u, -3*l + 18 = -2*u - u. Calculate the highest common divisor of o and l.
1
Let h = -22 + 27. Let s(w) be the first derivative of -w**4/4 + 2*w**3 - 2*w**2 + 5*w - 1. Let f be s(h). What is the greatest common factor of 30 and f?
10
Suppose 3*s - 6*d + d = 15, 4*d = -s + 22. Let w be (-6)/(-4)*(-80)/(-3). What is the highest common divisor of w and s?
10
Let k(c) be the first derivative of 19*c**2/2 - c - 1. Let y be k(4). Let n be (-1 + -1 + 2)/(-1) - -30. Calculate the highest common factor of y and n.
15
Let x = -2 - -36. Let t(n) = n**2 + 5*n - 87. Let y be t(8). What is the highest common factor of y and x?
17
Suppose 2*b + 18 = 2*f, 4*f = f - 4*b - 8. Calculate the greatest common factor of 10 and f.
2
Suppose -2*u - 2*u + 20 = 0. Suppose -2*b + u*b - 18 = 0. What is the highest common factor of 3 and b?
3
Suppose 4 = -4*p - 5*n + 28, 5*p - 4*n = -11. Let u(f) = 159*f + 1. Let o be u(p). Suppose -4*v = -0*v - o. Calculate the highest common divisor of 8 and v.
8
Suppose -5*m - d + 120 = 0, 2*m = 5*d + 3 + 72. Let n = -25 - -35. Let g = -5 + n. What is the highest common factor of g and m?
5
Suppose -48 = -0*h - 3*h. Let f = h - 8. Calculate the highest common divisor of f and 64.
8
Let k be (-12)/(((-1)/(-6))/(10/(-45))). Calculate the highest common divisor of k and 16.
16
Let i be -6 - (4 + -2)*-2 - -22. What is the highest common divisor of i and 100?
20
Suppose -l + 3 = -1, 0 = s - 4*l + 11. Suppose -34 + 9 = -s*r. Calculate the greatest common divisor of 55 and r.
5
Let y be (-1)/((8/(-4))/34). Calculate the highest common factor of 34 and y.
17
Let l(y) = 3*y - 47. Let b be l(19). What is the highest common divisor of b and 5?
5
Suppose 3*d - 5 = 7. Let z be (-270)/4*d/(-5). What is the greatest common factor of z and 6?
6
Suppose 2*m + 230 = -138. Let q = 296 + m. Calculate the highest common divisor of q and 14.
14
Suppose 5*p - 1 = 19. Suppose 3*w + p*m = 8*w - 840, -3*m = 0. What is the highest common factor of 21 and w?
21
Let d be (2 - 74)/(-1) - 0. Let f be (-2)/7*(-29 + 1). What is the greatest common divisor of d and f?
8
Suppose -5*v = 2*t - 102, -2*t + 110 = -v + 2*v. Let g = -124 - -132. What is the greatest common factor of t and g?
8
Suppose 0 = 5*q - r - 9 - 0, -3*q + 3*r + 3 = 0. Suppose 3 = y, 3*h + 2*y = -q*h + 81. Let v = h - 1. What is the highest common divisor of v and 42?
14
Let a = 70 + -46. Calculate the greatest common factor of 96 and a.
24
Suppose 5*c = 0, -3*c = 2*g - c - 12. Suppose -g*p + 104 = -2*p. What is the greatest common factor of p and 39?
13
Suppose -2*d = -0*d - 26. What is the greatest common divisor of d and 13?
13
Suppose -6*t + 9*t - 6 = 0. Calculate the greatest common divisor of t and 10.
2
Let l be 355 + 2 - (1 + -1). Suppose 0 = -3*f + 2*w + l, 0*f + w - 119 = -f. Let p = 41 - 24. What is the greatest common divisor of p and f?
17
Let o(y) = -2*y - 1. Let v be o(-3). Calculate the greatest common factor of 25 and v.
5
Let y = 38 - 15. What is the greatest common divisor of 69 and y?
23
Let x be -3 - (-2 - -1) - -18. Let v = 58 - x. Calculate the greatest common divisor of v and 14.
14
Suppose 2*d - 264 = 2*y, -2*d + d = 3*y - 136. Calculate the greatest common divisor of d and 19.
19
Suppose -4*h = -26 - 214. Calculate the greatest common divisor of h and 15.
15
Let c be (108/15)/((-2)/(-15)). What is the highest common factor of c and 18?
18
Suppose -o = -0*o - 26. Let j = 76 - o. What is the greatest common factor of 10 and j?
10
Suppose 2*s = -4*o + 26, -6*o - 41 = -s - o. Calculate the greatest common factor of 294 and s.
21
Suppose -4*r + 3*b = 2*b - 197, 265 = 5*r - 5*b. Let z = 12 + -6. What is the greatest common factor of z and r?
6
Suppose -g + 24 = 2*g. Let l = 2 - 2. Suppose x = l, 0 = -3*j - 4*x + 34 + 38. What is the highest common divisor of j and g?
8
Suppose 0 = 3*g, -g + 60 = 5*m + 2*g. Let l be m/(9/(-6) - -3). Calculate the highest common factor of 40 and l.
8
Let v = 40 + -12. Suppose -4*u + 152 = -0*u + 4*j, 4*u + j - 164 = 0. Calculate the highest common divisor of v and u.
14
Suppose -2*r = -2*o - o - 1, r - 2 = 0. Suppose 